s divided by 7.
1
What is the remainder when 449079 is divided by 2?
1
What is the remainder when 19633 is divided by 9791?
51
Calculate the remainder when 1581 is divided by 61.
56
What is the remainder when 2246 is divided by 978?
290
What is the remainder when 123982 is divided by 432?
430
What is the remainder when 52293 is divided by 17429?
6
What is the remainder when 5453 is divided by 321?
317
What is the remainder when 350462 is divided by 17?
7
What is the remainder when 35326 is divided by 7063?
11
What is the remainder when 3296 is divided by 1076?
68
What is the remainder when 7743 is divided by 145?
58
What is the remainder when 5235 is divided by 1306?
11
What is the remainder when 10764 is divided by 131?
22
Calculate the remainder when 2694 is divided by 223.
18
What is the remainder when 3128 is divided by 157?
145
What is the remainder when 824 is divided by 467?
357
What is the remainder when 1032001 is divided by 5?
1
Calculate the remainder when 513879 is divided by 4.
3
Calculate the remainder when 138959 is divided by 79.
77
Calculate the remainder when 23682 is divided by 57.
27
Calculate the remainder when 10978 is divided by 1135.
763
What is the remainder when 1302 is divided by 29?
26
What is the remainder when 19439 is divided by 2071?
800
What is the remainder when 1595685 is divided by 102?
99
What is the remainder when 124188 is divided by 467?
433
Calculate the remainder when 41401 is divided by 713.
47
Calculate the remainder when 9940 is divided by 88.
84
What is the remainder when 5214 is divided by 578?
12
Calculate the remainder when 9554 is divided by 49.
48
Calculate the remainder when 103561 is divided by 4.
1
What is the remainder when 31035 is divided by 86?
75
What is the remainder when 399 is divided by 349?
50
Calculate the remainder when 100299 is divided by 50144.
11
What is the remainder when 8205 is divided by 1636?
25
What is the remainder when 102933 is divided by 1303?
1299
What is the remainder when 294007 is divided by 17?
9
Calculate the remainder when 5346 is divided by 105.
96
Calculate the remainder when 5113 is divided by 23.
7
Calculate the remainder when 910424 is divided by 638.
636
Calculate the remainder when 135161 is divided by 10.
1
What is the remainder when 104755 is divided by 8057?
14
Calculate the remainder when 193116 is divided by 96533.
50
Calculate the remainder when 5764 is divided by 28.
24
Calculate the remainder when 97499 is divided by 85.
4
Calculate the remainder when 4419 is divided by 233.
225
Calculate the remainder when 489843 is divided by 637.
627
Calculate the remainder when 3343 is divided by 1091.
70
Calculate the remainder when 64675 is divided by 47.
3
What is the remainder when 309 is divided by 33?
12
Calculate the remainder when 41647 is divided by 420.
67
What is the remainder when 3386 is divided by 399?
194
Calculate the remainder when 14765 is divided by 83.
74
Calculate the remainder when 67961 is divided by 67955.
6
What is the remainder when 1537 is divided by 65?
42
What is the remainder when 466140 is divided by 466135?
5
What is the remainder when 16721 is divided by 135?
116
What is the remainder when 3113 is divided by 2993?
120
Calculate the remainder when 27375 is divided by 584.
511
Calculate the remainder when 269675 is divided by 1362.
1361
What is the remainder when 5695 is divided by 143?
118
What is the remainder when 4204 is divided by 74?
60
What is the remainder when 8974 is divided by 997?
1
What is the remainder when 474099 is divided by 2324?
3
What is the remainder when 75833 is divided by 160?
153
What is the remainder when 36266 is divided by 9?
5
What is the remainder when 21910 is divided by 249?
247
Calculate the remainder when 55899 is divided by 874.
837
Calculate the remainder when 243283 is divided by 627.
7
Calculate the remainder when 53523 is divided by 46.
25
Calculate the remainder when 101696 is divided by 1093.
47
What is the remainder when 45960 is divided by 15296?
72
Calculate the remainder when 12512 is divided by 3.
2
Calculate the remainder when 81125 is divided by 56.
37
Calculate the remainder when 127689 is divided by 473.
452
What is the remainder when 3369 is divided by 71?
32
Calculate the remainder when 5211 is divided by 1302.
3
What is the remainder when 90088 is divided by 65?
63
What is the remainder when 7527 is divided by 620?
87
What is the remainder when 3231 is divided by 459?
18
Calculate the remainder when 43869 is divided by 6.
3
What is the remainder when 206691 is divided by 206620?
71
What is the remainder when 109509 is divided by 312?
309
What is the remainder when 75457 is divided by 44?
41
What is the remainder when 17299 is divided by 94?
3
What is the remainder when 13379 is divided by 74?
59
Calculate the remainder when 2415 is divided by 403.
400
What is the remainder when 139517 is divided by 216?
197
Calculate the remainder when 183384 is divided by 30.
24
Calculate the remainder when 1729307 is divided by 16.
11
Calculate the remainder when 2047 is divided by 111.
49
What is the remainder when 4308 is divided by 1987?
334
Calculate the remainder when 4689 is divided by 4677.
12
Calculate the remainder when 119783 is divided by 183.
101
What is the remainder when 5129 is divided by 307?
217
What is the remainder when 854404 is divided by 430?
424
What is the remainder when 465 is divided by 450?
15
Calculate the remainder when 183472 is divided by 22.
14
What is the remainder when 31142 is divided by 7782?
14
What is the remainder when 9341 is divided by 126?
17
Calculate the remainder when 51549 is divided by 267.
18
What is the remainder when 537 is divided by 28?
5
What is the remainder when 135109 is divided by 87?
85
Calculate the remainder when 130013 is divided by 478.
475
What is the remainder when 10144 is divided by 568?
488
Calculate the remainder when 65562 is divided by 21841.
39
What is the remainder when 11013 is divided by 107?
99
What is the remainder when 229365 is divided by 1571?
1570
Calculate the remainder when 3770 is divided by 549.
476
Calculate the remainder when 2897 is divided by 234.
89
What is the remainder when 44814 is divided by 1184?
1006
What is the remainder when 23357 is divided by 1308?
1121
What is the remainder when 3267 is divided by 298?
287
What is the remainder when 442 is divided by 182?
78
Calculate the remainder when 125223 is divided by 112.
7
What is the remainder when 829 is divided by 412?
5
Calculate the remainder when 7230 is divided by 3545.
140
Calculate the remainder when 1159 is divided by 574.
11
Calculate the remainder when 20646 is divided by 96.
6
Calculate the remainder when 2725 is divided by 1347.
31
Calculate the remainder when 99638 is divided by 2841.
203
What is the remainder when 51785 is divided by 12?
5
Calculate the remainder when 1148422 is divided by 2243.
6
What is the remainder when 25307 is divided by 157?
30
What is the remainder when 2302 is divided by 2293?
9
What is the remainder when 1266 is divided by 542?
182
What is the remainder when 38867 is divided by 249?
23
What is the remainder when 2438 is divided by 1342?
1096
Calculate the remainder when 18669 is divided by 123.
96
Calculate the remainder when 1166 is divided by 394.
378
What is the remainder when 588234 is divided by 20?
14
What is the remainder when 19217 is divided by 2401?
9
What is the remainder when 582509 is divided by 98?
95
What is the remainder when 59061 is divided by 276?
273
Calculate the remainder when 64700 is divided by 2396.
8
What is the remainder when 23054 is divided by 11473?
108
Calculate the remainder when 28732 is divided by 50.
32
Calculate the remainder when 94035 is divided by 450.
435
Calculate the remainder when 3140 is divided by 616.
60
Calculate the remainder when 22220 is divided by 2460.
80
Calculate the remainder when 151361 is divided by 172.
1
What is the remainder when 4426 is divided by 120?
106
Calculate the remainder when 453821 is divided by 448.
445
What is the remainder when 1726 is divided by 102?
94
Calculate the remainder when 1493 is divided by 1448.
45
Calculate the remainder when 10729 is divided by 10560.
169
What is the remainder when 3554 is divided by 14?
12
What is 